d by u(-6).
90
Let b(u) = 4*u + 10. Let s be b(3). Let l be 8 + 6*(-3)/6. Suppose 3*o - 5*k - 22 = -3*k, 2*o - l*k - s = 0. Calculate the remainder when 20 is divided by o.
2
Let z be 2/(-5) - 448/(-20). Suppose 0 = -3*t + 4*t - z. What is the remainder when t - -10 - 3*1 is divided by 10?
9
Suppose 0*q + 40 = -5*q. Let n(w) = 3*w**2 + 10*w + 5. What is the remainder when n(q) is divided by 24?
21
Suppose -72*m + 17 = 3*g - 67*m, 0 = -5*g + m + 75. Calculate the remainder when 1439 is divided by g.
11
Suppose 27*j - 75 = 30*j. Let l = 28 + -64. Let m = j - l. Calculate the remainder when 19 is divided by m.
8
Suppose -2*k - 3*k - 5*p = -20, -p - 6 = -4*k. Calculate the remainder when (-1)/2*(-35 + 1) is divided by 7/2 - (-1)/k.
1
Let o = 484 - 289. Suppose -f + 16*f - o = 0. What is the remainder when 49 is divided by f?
10
Suppose -4*m + 3*m - 2 = 4*k, -43 = -4*m + k. Suppose l = 9 + m. What is the remainder when 35 is divided by l?
16
Let z = 1362 - 986. What is the remainder when z is divided by 88?
24
Suppose 0 = -l - 2*x + 591, -x = l - 686 + 97. What is the remainder when l is divided by 154?
125
Suppose 2*b - 72 = -2*b. Let x(p) = -p + 0 - p**2 - 1 + 5*p + 8. Calculate the remainder when b is divided by x(3).
8
Suppose 3*k = 5*k + 6. What is the remainder when 4/((18/(-87))/k) is divided by 30?
28
Let c(w) = w**3 - 23*w**2 + 29*w - 32. What is the remainder when c(22) is divided by 18?
14
Suppose -14 + 2 = 4*l, 0 = -5*z - l + 112. What is the remainder when 426 is divided by z?
12
Let y(u) = -12*u - 1. Let v(q) = 50*q**2 - 3*q - 1. Calculate the remainder when v(-1) is divided by y(-1).
8
Let y = -276 - -471. Calculate the remainder when y is divided by 68.
59
Let z = 218 - 167. Suppose 3*j + 0*s = -2*s + 79, 2*j + 3*s = z. What is the remainder when j is divided by 16?
11
Calculate the remainder when 20*(-8 - -3)/(-10) is divided by 2.
0
Let y be (-2*1)/(4 + -5 + 2). Let g(b) = -b + 1 + 8 - 1. Calculate the remainder when 38 is divided by g(y).
8
Suppose -y + 32 = y. Suppose 4 - 7 = -o. Let z(t) = 16*t - 3. What is the remainder when z(o) is divided by y?
13
Let w = -1119 - -1165. What is the remainder when 314 is divided by w?
38
Suppose 0 = -u + 3, 0 = -4*f - 46*u + 51*u + 45. Suppose -140 - 144 = -4*m + 2*g, -m + 3*g = -66. Calculate the remainder when m is divided by f.
12
Suppose 0 = -4*q + 27 + 65. Let f = q - 6. Let b(z) = 7*z - 1. Calculate the remainder when f is divided by b(1).
5
Let v be (-597)/(-15) - 1/(-5). Let z = v + -28. Suppose 0 = -3*w + 3*j + z, 23 - 7 = 3*w - 5*j. What is the remainder when 6 is divided by w?
0
Let v be (1 + -2)/(2/(-12)). Let z(c) = -c**3 + 9*c**2 + 10*c + 2. Let s be z(10). Suppose s*n = 4*n - v. What is the remainder when 7 is divided by n?
1
Suppose -4*g - 4*v + 804 = 0, -g + 213 = -2*v - 0*v. Suppose -3*n + 232 = g. What is the remainder when n is divided by 6?
3
Let m = -3 + 31. Let n = -17 + m. Let s(g) = 4*g**3 + 4*g**2 - 4*g + 2. What is the remainder when s(2) is divided by n?
9
Calculate the remainder when -59 + 455 + (-1)/(-1) is divided by 57.
55
Suppose g - 39 = -2*g. Let m(j) = 46*j + 1443. Calculate the remainder when m(-30) is divided by g.
11
Let p(t) = 42*t**3 - t**2 + 2*t - 1. Let m be p(1). Suppose 2*j + 4*c - 12 = 0, 3*c = -5*j + 5*c + m. What is the remainder when 19 is divided by j?
3
Let g(o) = -3*o - 11. Let f be (-4)/4*(-1 + -4). Suppose 24 + 1 = -f*p. Calculate the remainder when 10 is divided by g(p).
2
Let i = 6 - 4. Suppose 7*u - i*u = 130. Suppose 15 + u = 5*q - 2*z, -5*z - 8 = q. Calculate the remainder when 18 is divided by q.
4
Let b = 70 - 45. Suppose 40*k - 39*k - b = 0. Suppose -2*c - 3*a = -4*a - 35, 4*c - 35 = -5*a. What is the remainder when k is divided by c?
10
Let b be (-16)/(-8)*(1 + 0). Let z be (b/4)/(5/70). Suppose -5*d = z - 107. Calculate the remainder when 55 is divided by d.
15
Suppose -120 = -7*m + 2*r, 58 = 5*m - 5*r - 42. Let n(c) = 2*c. Let q be n(-3). Let d(o) = -5*o - 3. What is the remainder when d(q) is divided by m?
11
Let f = -1659 - -2438. Calculate the remainder when f is divided by 39.
38
Let r(n) = n + 9. Let t(i) = -2*i - 6. Let j be (-1 - 1)*2 + -2. What is the remainder when r(6) is divided by t(j)?
3
Let z be (13/(-13))/(2/12). Calculate the remainder when 70 - (2/z)/(8/(-24)) is divided by 18.
15
Suppose 3*s + 11 - 2 = -3*y, -3 = 2*s + 5*y. Let q = -255 + 282. What is the remainder when 24 is divided by q/18 - 14/s?
4
Suppose -c = p - 16, 3*c + p + 4*p - 50 = 0. Let t = 16 - c. What is the remainder when 17 is divided by t/3 - (-119)/21?
5
Suppose 2*r + 113 = f, 3*f - 5*r = 297 + 44. What is the remainder when f is divided by 59?
58
Suppose 22*f - 988 = 3*f. What is the remainder when f is divided by 18?
16
Suppose 5*y = -3*d - 293, 4*d - 4*y = 2*d - 188. Calculate the remainder when (-4)/(-12) - d/9 is divided by (-2)/7 + 352/56.
5
Suppose -132 = -i + 3*f, 0 = -12*i + 10*i - 3*f + 300. What is the remainder when i is divided by 31?
20
Suppose -44 = -2*i + 3*h, -2*i + 3*i = -h + 17. What is the remainder when 57 is divided by i?
0
Let x(j) = 9*j**2 - 7*j - 1. Let c be x(3). Suppose 4*y = 12, 3*m - m + y = c. Calculate the remainder when 53 is divided by m.
25
Suppose 3*a - 27 = g + 2, 5*a - 52 = -2*g. What is the remainder when 45 is divided by a?
5
Suppose -2*g - 32 = -4*g. Let i(x) = 17*x**3. Let u be i(-1). Let d = u - -23. Calculate the remainder when g is divided by d.
4
Suppose -8*o + 5*s = -9*o + 32, -4*s + 30 = o. Calculate the remainder when o is divided by 12.
10
Let u = -924 + 981. What is the remainder when u is divided by 15?
12
Let i be (-1)/1*(0 - 2). Suppose -c - 6 = 4*n, 2*c - 2*n + 0 = -i. Calculate the remainder when 17 is divided by c/4*(1 + -11).
2
Let r = -156 - -180. Calculate the remainder when r is divided by 13.
11
Suppose -21 + 5 = -4*g. Suppose -o + g*c = -35, -3*o - 2*c + 53 = -2*o. What is the remainder when o is divided by 17?
13
Suppose 5*d = 2*f + 96, -24*f = -19*f - 10. Calculate the remainder when 39 is divided by d.
19
Let d be ((-3)/(-2))/(3/4). Suppose 2*b = -4*w + 50, 3*w - 50 = -d*b - 0*w. What is the remainder when b is divided by 14?
11
Suppose 10 = 3*r - 4*r - 4*h, 0 = 5*r - 4*h - 46. Suppose 13*x - 35 = r*x. Calculate the remainder when x is divided by 3.
2
Suppose 6*f = -39 + 225. What is the remainder when 122 is divided by f?
29
What is the remainder when 11 + -6 + 2 - -182 is divided by 16?
13
Suppose 3 = 5*o - 7. Let q be 4 + o + 2 + -5. Suppose -5*g - q*k = -4*g + 3, 2*g - 2*k = 34. Calculate the remainder when 22 is divided by g.
10
Suppose 0*c - 6*c + 720 = 0. Calculate the remainder when ((-2)/(-5))/((6/c)/1) is divided by 2.
0
Suppose -1441 = -3*d + 3476. What is the remainder when (-2)/7 - d/(-77) is divided by 6?
3
Let a(i) = -34 - 6*i - i**2 - 15 - 40*i + 23*i. What is the remainder when a(-7) is divided by 17?
12
Let x(w) = -2*w**2 + 32*w - 14. What is the remainder when x(7) is divided by 30?
22
Suppose -5*d + 19 = 4*c, -4*c + 4 = -0*c. Suppose -7*j + d*j = -40. What is the remainder when 67 is divided by j?
7
Let q(k) = 11*k - 24. Suppose -8 + 50 = 14*g. What is the remainder when q(g) is divided by (-17)/(-3) - 1/(-3)?
3
Let p = 480 + -478. What is the remainder when 13 is divided by p?
1
Let l(w) = -4*w + 3 - 2*w - 6 - w. Let r = 73 + -63. Calculate the remainder when l(-6) is divided by r.
9
Let x(h) = 3*h**2 - 5*h - 9. What is the remainder when 93 is divided by x(-3)?
27
Suppose -8 = 4*v + 16. Let t be (v - 1)*12/(-14). Suppose -t*m + 7*m = 13. What is the remainder when 32 is divided by m?
6
Suppose b - 21 = 2. Suppose 3*w - 2*w - 30 = 0. Calculate the remainder when b is divided by 12/w - 76/(-10).
7
Let r(i) = -3*i + 4*i - 161 + 2*i + 122. Calculate the remainder when 9 is divided by r(14).
0
Let i = 136 + -123. What is the remainder when 69 is divided by i?
4
Let z(d) = 119*d + 2. Let o be z(1). Suppose -5*k = -o - 104. What is the remainder when k is divided by 10?
5
Let f be (-4)/10 - (-216)/(-10). Let g = f + 12. What is the remainder when 11 is divided by (-10)/(-25) + (-26)/g?
2
Suppose -2*p + 7 = 9, -4*q - 2*p + 226 = 0. Calculate the remainder when q is divided by 6.
3
Let v(x) = -x**3 + 4*x**2 - 5*x + 3. Let s(d) = -d**2 - 6*d + 19. Let n be s(-8)